 = -93 - -489. Let r = 83 - 47. Calculate the greatest common factor of r and l.
36
Suppose 3*h - 91 = 4*i + 191, -4*h = 3*i - 351. Suppose 4*b - 3*r - h = 83, 3*r = 3*b - 126. Calculate the highest common divisor of b and 517.
47
Let g = -39 - -71. Suppose -2*p = 2*q - 4*q - 8, 5*q = -3*p + 44. What is the greatest common divisor of g and p?
8
Let b be ((-4)/(-2))/(-10) - 11/(-5). Suppose 8*o + b*o = 2750. Calculate the greatest common factor of 25 and o.
25
Let q(o) = -7*o + 21*o + 17 - o**3 - 2*o**2 - 6. Let k be q(-5). Calculate the greatest common divisor of k and 176.
16
Let g(x) = 23*x - 9. Let a be g(9). What is the greatest common factor of 66 and a?
66
Let o be (-11890)/(-40) - 3/(12*1). What is the greatest common factor of 33 and o?
33
Let b(m) = 2*m**2 - 7*m - 25. Let x be b(7). What is the greatest common divisor of 372 and x?
12
Suppose -14*g + 10*g - 3*w + 89 = 0, 4*g = w + 77. What is the greatest common divisor of 510 and g?
10
Suppose 0 = -0*l - 6*l + 426. Let k = l + -53. What is the greatest common divisor of k and 27?
9
Suppose 4*r - 2*r - 4 = 0. Let u(l) = 4 - r*l + 3*l + l - l. Let k be u(8). Calculate the greatest common divisor of 4 and k.
4
Suppose 91 = 19*o - 137. Suppose -9*v = -o*v + 168. Calculate the greatest common divisor of 42 and v.
14
Let r(v) = -16*v - 11. Let p be r(-8). Let x be -117*(88/220)/(3/(-5)). Calculate the highest common factor of p and x.
39
Suppose 15*x - 32 = -2. Let o be 2 + (-2)/(-4)*2. Suppose -o*m + 7 + 47 = 0. Calculate the greatest common divisor of x and m.
2
Let t(m) = 5*m - 51. Let j be t(11). Suppose -j*f + 5*f = 12. What is the greatest common factor of 4 and f?
4
Suppose d - 2*s - 53 = 0, -4*d + 8*d + 2*s - 262 = 0. Calculate the highest common factor of 42 and d.
21
Suppose -2*r - 3*r = -180. Let s(l) = -2*l**3 - 81*l**2 - 119*l + 102. Let g be s(-39). What is the greatest common factor of g and r?
36
Suppose -2*t + 0*t - 6 = 0. Let u be t + 25/15*6. Suppose -32 = 2*x - 102. What is the greatest common factor of u and x?
7
Suppose -12*g + 40 = -4*g. Suppose -g*t + 157 + 503 = 0. Suppose 3*l - 33 = -2*i, -i - 15 = -3*i + 3*l. What is the greatest common factor of t and i?
12
Let g(y) = -96*y - 34. Let u be g(-4). Suppose 13*z - u = 378. What is the highest common factor of z and 84?
28
Let f = -149 - -167. What is the highest common factor of f and 63?
9
Let u = -64 + 164. Suppose p + p = 80. Calculate the highest common divisor of u and p.
20
Let h = 122 + -82. What is the highest common divisor of 24 and h?
8
Suppose 0 = -2*a + 5 - 1. Suppose 4*q + 5*l - a*l = 33, 3*q - 4*l = 31. Suppose 5 = 4*k - 31. What is the greatest common divisor of q and k?
9
Let w(x) = x**3 - 6*x**2 + 4*x - 110. Let j be w(8). Calculate the greatest common divisor of 30 and j.
10
Let f be (-1 + 4)*576/24. Calculate the greatest common divisor of 792 and f.
72
Suppose -4*c - 3*o = -8391 - 653, -4 = o. Calculate the highest common factor of 16 and c.
8
Let p = -10635 - -10638. Let s be (-3)/(2*1/(-4)). What is the highest common divisor of p and s?
3
Let r(i) = -10*i**3 + 2*i**2 - 1. Let n(y) = -4*y + 4*y - 11 + 2*y. Let u be n(5). Let g be r(u). What is the greatest common factor of 1 and g?
1
Let c = -41 + 294. Calculate the greatest common factor of c and 11.
11
Let c = -8 - -13. Let p be (4 - 0)*c/4. Suppose -p*w + 13 = -12. What is the highest common divisor of 40 and w?
5
Let f(n) = 3*n**2 + 2*n + 11. Let u be ((-60)/40)/(6/20). Let c be f(u). Calculate the highest common factor of c and 38.
38
Suppose 29*u - 243 - 279 = 0. Calculate the highest common factor of 129 and u.
3
Let s(q) = -q**2 - 6*q - 3. Let h be s(-4). Let b(u) = u**2 - 4*u + 7. Let d be b(h). Let g = 161 + -65. Calculate the highest common factor of d and g.
12
Let y be (54/4)/((-27)/(-144)). Let z be (1/4)/(6/y). What is the greatest common divisor of 6 and z?
3
Let g be (-98)/21*3/(-2). Suppose -2 - 12 = -g*l. What is the greatest common divisor of 6 and l?
2
Suppose -11 = 5*u + 2*v + 10, 4*v = -5*u - 27. Let j be (2/u)/((-18)/27). Calculate the highest common factor of 7 and j.
1
Let n(b) = -7*b + 1. Let t = -5 + 6. Let x be n(t). Let g be -4 - (0 + 2)*x. What is the greatest common factor of 16 and g?
8
Let x(g) = g**3 + 21*g**2 + 22*g + 49. Let h be x(-20). Let t be ((-204)/h)/((-12)/54). Calculate the greatest common factor of 34 and t.
34
Let n = -235 - -293. Calculate the highest common factor of 754 and n.
58
Let c(l) = -2*l. Let f(x) = -1. Let t(a) = c(a) - 6*f(a). Let d be t(6). Let r be ((-27)/(-18))/(d/(-20)). Calculate the highest common divisor of r and 25.
5
Let d = -2297 - -2306. Let t(n) = -n**3 - n**2 - 3*n - 7. Let w be t(-5). Calculate the greatest common divisor of w and d.
9
Suppose 0 = -5*b + 10, b - 145 = -5*c + 6*b. Let p = 38 - 34. Suppose -372 = -8*x - p*x. What is the greatest common factor of x and c?
31
Suppose 2*b - x = 2541, -2*b - 345 = x - 2884. What is the greatest common divisor of 10 and b?
10
Suppose -22*o = 57*o - 4424. Calculate the greatest common divisor of o and 1904.
56
Let o be 74/6 + (-7)/((-168)/16). Calculate the highest common divisor of 767 and o.
13
Let n(x) = 62*x**2 - 24*x - 23. Let c be n(-1). Calculate the highest common divisor of c and 1008.
63
Let v be -2*1*(-102)/12. Let a = v + -8. Let s(z) = -2*z**3 - 2*z**2 - z. Let u be s(-1). What is the highest common divisor of a and u?
1
Let c be (4/8)/(1 - 13/14). Suppose c*q - 3*q = 80. Calculate the greatest common factor of 8 and q.
4
Suppose 38*m - 4874 = -1834. Calculate the greatest common factor of 200 and m.
40
Let p be 2/6*(-798)/(-10 - 4). Calculate the greatest common divisor of p and 2.
1
Let h = -67 - -81. Let d(z) = -5*z**3 - z**2 + z + 1. Let l be d(-2). Calculate the greatest common factor of h and l.
7
Suppose -2*d + d + 5*n = 8, -d - 5*n + 12 = 0. Suppose 0 = -5*v + 7 + 48. Suppose 0 = -l + 3 + v. Calculate the highest common divisor of l and d.
2
Let x(z) = z + 15. Let u be x(-7). Let n be 135/20 + (-6)/u. Suppose -5*d + n*d - 12 = 0. Calculate the highest common factor of 6 and d.
6
Suppose 0 = -4*s + 2 + 18. Suppose -3*n - 12 = 3*x, 4*x = -s*n + x - 10. Suppose n + 23 = 4*u. Calculate the greatest common divisor of 30 and u.
6
Let i be ((-68)/6 - -8)*-6. What is the greatest common factor of i and 100?
20
Suppose y - 6 = -2*y. Suppose -3*q = -2*n - 17, 4*n - 47 = 6*q - 9*q. Suppose y*s - q*s = -126. What is the highest common divisor of s and 45?
9
Let a be ((-3)/2)/((-4818)/960 + 5). Calculate the greatest common divisor of 112 and a.
16
Let j be (-3)/(-7) + 9207/77. Calculate the greatest common divisor of 280 and j.
40
Suppose 5*m - 5*h = 140, 5*m + h + h = 112. Calculate the highest common factor of m and 9.
3
Let y be (-220560)/(-630) + 4/(-42). Calculate the greatest common factor of 100 and y.
50
Let a = 56 - 21. Let t be ((-26)/(-7) - 2)/((-4)/(-490)). Calculate the highest common divisor of a and t.
35
Let v be 2*((-10)/50)/(2/(-55)). Let c = v + 7. Calculate the greatest common factor of c and 45.
9
Let s = -328 - -377. Calculate the highest common factor of s and 1.
1
Suppose 32*w - 28*w = 0. Suppose w = -u - 4*j + 32, 1 = 2*j + 3. Calculate the highest common factor of 324 and u.
36
Let d(h) = 9*h. Let i be d(11). Let p = -53 - -20. Let w = -22 - p. What is the greatest common divisor of i and w?
11
Let m be 0/1 + 7 + 1. Let y be m/2 + -138*5/(-15). What is the highest common factor of y and 100?
50
Let g = -256 - -270. Suppose -17 + 3 = -y. What is the greatest common factor of y and g?
14
Let s(p) = 4*p**2 - p + 2. Let g be s(-3). Suppose 4*b = -20, 7*v - 3*b - 138 = 4*v. Calculate the greatest common factor of g and v.
41
Let s(l) = -l**3 + 2*l**2 + l + 7. Let r be s(4). Let v be 63/r*4/(-3). Let b(j) = 8*j - 10. Let k be b(v). What is the greatest common divisor of 2 and k?
2
Let c = -377 + 729. Let v be (-195)/(-6) - (-2 - 5/(-2)). Calculate the highest common divisor of c and v.
32
Let m be (1 + -2)/(2/(-256)). Let t = m - 126. What is the highest common factor of t and 18?
2
Let z = -167 + 357. Let w = z - 135. Suppose -3*v + 4*r = -70, 2*r = 3*v - 0*v - 68. What is the highest common factor of w and v?
11
Suppose 5*b - m = 348, -b - 354 = -6*b - 2*m. Calculate the greatest common divis